{"id":86,"date":"2018-11-15T17:54:32","date_gmt":"2018-11-15T16:54:32","guid":{"rendered":"http:\/\/lagrue-mlc.ch\/?page_id=86"},"modified":"2020-02-20T15:01:19","modified_gmt":"2020-02-20T14:01:19","slug":"notre-embleme","status":"publish","type":"page","link":"https:\/\/lagrue-mlc.ch\/index.php\/notre-embleme\/","title":{"rendered":"Notre Embl\u00e8me"},"content":{"rendered":"<p style=\"text-align: center;\"><img decoding=\"async\" loading=\"lazy\" class=\"alignnone wp-image-35\" src=\"http:\/\/lagrue-mlc.ch\/wp-content\/uploads\/2018\/11\/Sceau-Rodolphe-III_Sceau-Gris1-OFFICIEL-300x300.png\" alt=\"\" width=\"171\" height=\"171\" srcset=\"https:\/\/lagrue-mlc.ch\/wp-content\/uploads\/2018\/11\/Sceau-Rodolphe-III_Sceau-Gris1-OFFICIEL-300x300.png 300w, https:\/\/lagrue-mlc.ch\/wp-content\/uploads\/2018\/11\/Sceau-Rodolphe-III_Sceau-Gris1-OFFICIEL-150x150.png 150w, https:\/\/lagrue-mlc.ch\/wp-content\/uploads\/2018\/11\/Sceau-Rodolphe-III_Sceau-Gris1-OFFICIEL-768x771.png 768w, https:\/\/lagrue-mlc.ch\/wp-content\/uploads\/2018\/11\/Sceau-Rodolphe-III_Sceau-Gris1-OFFICIEL-1021x1024.png 1021w\" sizes=\"(max-width: 171px) 100vw, 171px\" \/><\/p>\n<p style=\"text-align: center;\">Pourquoi avoir choisit la grue pour<br \/>\nembl\u00e8me de notre association ?<\/p>\n<p style=\"text-align: center;\">Du moment que les r\u00e9gions cibl\u00e9es pour la circulation<br \/>\nde la monnaie locale \u00e9taient choisies, il devenait \u00e9vident<br \/>\nque la grue repr\u00e9sent\u00e9e depuis le Moyen-\u00c2ge sur les sceaux,<br \/>\npuis les \u00e9tendards des Comtes de Gruy\u00e8re s&rsquo;impose.<br \/>\nMais quelle grue choisir ?<\/p>\n<p style=\"text-align: center;\">Le Comte Rodolphe III (1226-1270) fut le premier \u00e0 choisir<br \/>\nle c\u00e9l\u00e8bre \u00e9chassier pour orner son sceau d\u00e8s 1227.<br \/>\nC&rsquo;est la seule grue dessin\u00e9e passant de gauche \u00e0 droite.<\/p>\n<p style=\"text-align: center;\">Cela nous a beaucoup plu et c&rsquo;est donc la grue de Rodolphe III<br \/>\n&#8211; elle va de l&rsquo;avant ! &#8211; qui est devenue notre symbole.<br \/>\nPar ailleurs, son graphisme \u00e9pur\u00e9 nous a s\u00e9duit.<\/p>\n<p style=\"text-align: center;\">Toutes les grues des comtes suivants sont&nbsp;tourn\u00e9es vers la gauche.<\/p>\n<p>Comte Pierre II (1270 &#8211; 1307) &nbsp; &nbsp; &nbsp; &nbsp; &nbsp; &nbsp; &nbsp;&nbsp;<img decoding=\"async\" loading=\"lazy\" class=\"alignnone wp-image-91\" src=\"http:\/\/lagrue-mlc.ch\/wp-content\/uploads\/2018\/11\/Grue-Pierre-II_Transparent-Blanc-II-300x298.png\" alt=\"\" width=\"151\" height=\"150\" srcset=\"https:\/\/lagrue-mlc.ch\/wp-content\/uploads\/2018\/11\/Grue-Pierre-II_Transparent-Blanc-II-300x298.png 300w, https:\/\/lagrue-mlc.ch\/wp-content\/uploads\/2018\/11\/Grue-Pierre-II_Transparent-Blanc-II-150x150.png 150w, https:\/\/lagrue-mlc.ch\/wp-content\/uploads\/2018\/11\/Grue-Pierre-II_Transparent-Blanc-II-768x763.png 768w, https:\/\/lagrue-mlc.ch\/wp-content\/uploads\/2018\/11\/Grue-Pierre-II_Transparent-Blanc-II-1024x1018.png 1024w\" sizes=\"(max-width: 151px) 100vw, 151px\" \/><\/p>\n<p>Comte Pierre III (1307 &#8211; 1324) &nbsp; &nbsp; &nbsp; &nbsp; &nbsp; &nbsp; &nbsp;&nbsp;<img decoding=\"async\" loading=\"lazy\" class=\"alignnone wp-image-92\" src=\"http:\/\/lagrue-mlc.ch\/wp-content\/uploads\/2018\/11\/Grue-Pierre-III-300x300.png\" alt=\"\" width=\"153\" height=\"153\" srcset=\"https:\/\/lagrue-mlc.ch\/wp-content\/uploads\/2018\/11\/Grue-Pierre-III-300x300.png 300w, https:\/\/lagrue-mlc.ch\/wp-content\/uploads\/2018\/11\/Grue-Pierre-III-150x150.png 150w, https:\/\/lagrue-mlc.ch\/wp-content\/uploads\/2018\/11\/Grue-Pierre-III-768x766.png 768w, https:\/\/lagrue-mlc.ch\/wp-content\/uploads\/2018\/11\/Grue-Pierre-III-1024x1021.png 1024w\" sizes=\"(max-width: 153px) 100vw, 153px\" \/><\/p>\n<p>Comte Pierre IV (1342 &#8211; 1366 &nbsp; &nbsp; &nbsp; &nbsp; &nbsp; &nbsp; &nbsp; &nbsp;)<img decoding=\"async\" loading=\"lazy\" class=\"alignnone wp-image-93\" src=\"http:\/\/lagrue-mlc.ch\/wp-content\/uploads\/2018\/11\/Grue-Pierre-IV_transparent-Blanc-300x300.png\" alt=\"\" width=\"150\" height=\"150\" srcset=\"https:\/\/lagrue-mlc.ch\/wp-content\/uploads\/2018\/11\/Grue-Pierre-IV_transparent-Blanc-300x300.png 300w, https:\/\/lagrue-mlc.ch\/wp-content\/uploads\/2018\/11\/Grue-Pierre-IV_transparent-Blanc-150x150.png 150w, https:\/\/lagrue-mlc.ch\/wp-content\/uploads\/2018\/11\/Grue-Pierre-IV_transparent-Blanc-768x765.png 768w, https:\/\/lagrue-mlc.ch\/wp-content\/uploads\/2018\/11\/Grue-Pierre-IV_transparent-Blanc-1024x1020.png 1024w\" sizes=\"(max-width: 150px) 100vw, 150px\" \/><\/p>\n<p>Etc.<\/p>\n<p>Si vous \u00eates int\u00e9ress\u00e9 \u00e0 faire davantage connaissance avec les 20 Comtes de Gruy\u00e8re qui ont r\u00e9gn\u00e9 sur la r\u00e9gion entre l&rsquo;an 900 et 1556, le dernier de la lign\u00e9e \u00e9tant le c\u00e9l\u00e8bre Comte Michel, nous vous invitons&nbsp;\u00e0 consulter la page wikipedia:<br \/>\n<a href=\"https:\/\/fr.wikipedia.org\/wiki\/Liste_des_comtes_de_Gruy\u00e8re\"><span style=\"color: #33cccc;\"><span style=\"caret-color: #33cccc;\">Liste des Comtes de Gruy\u00e8res<\/span><\/span><\/a><\/p>\n<p>\u2022 Si vous voulez voir les armoiries des communes &#8211; anciennes ou actuelles &#8211; sur lesquelles figure une grue, <span style=\"color: #33cccc;\"><a style=\"color: #33cccc;\" href=\"http:\/\/lagrue-mlc.ch\/index.php\/armoiries-communales\/\">cliquez ici<\/a><\/span><\/p>\n<p>\u2022 Si vous voulez voir quelques enseignes de restaurants ou logos d&rsquo;entreprises sur lesquelles figurent une grue, cliquer bient\u00f4t &nbsp;ici.<\/p>\n","protected":false},"excerpt":{"rendered":"<p>Pourquoi avoir choisit la grue pour embl\u00e8me de notre association ? Du moment que les r\u00e9gions cibl\u00e9es pour la circulation de la monnaie locale \u00e9taient choisies, il devenait \u00e9vident que la grue repr\u00e9sent\u00e9e depuis le Moyen-\u00c2ge sur les sceaux, puis les \u00e9tendards des Comtes de Gruy\u00e8re s&rsquo;impose. Mais quelle grue choisir ? Le Comte Rodolphe &hellip; <a href=\"https:\/\/lagrue-mlc.ch\/index.php\/notre-embleme\/\" class=\"more-link\">Continuer la lecture de <span class=\"screen-reader-text\">Notre Embl\u00e8me<\/span>  <span class=\"meta-nav\">&rarr;<\/span><\/a><\/p>\n","protected":false},"author":1,"featured_media":0,"parent":0,"menu_order":0,"comment_status":"closed","ping_status":"closed","template":"","meta":{"_mi_skip_tracking":false,"_exactmetrics_sitenote_active":false,"_exactmetrics_sitenote_note":"","_exactmetrics_sitenote_category":0,"ngg_post_thumbnail":0},"_links":{"self":[{"href":"https:\/\/lagrue-mlc.ch\/index.php\/wp-json\/wp\/v2\/pages\/86"}],"collection":[{"href":"https:\/\/lagrue-mlc.ch\/index.php\/wp-json\/wp\/v2\/pages"}],"about":[{"href":"https:\/\/lagrue-mlc.ch\/index.php\/wp-json\/wp\/v2\/types\/page"}],"author":[{"embeddable":true,"href":"https:\/\/lagrue-mlc.ch\/index.php\/wp-json\/wp\/v2\/users\/1"}],"replies":[{"embeddable":true,"href":"https:\/\/lagrue-mlc.ch\/index.php\/wp-json\/wp\/v2\/comments?post=86"}],"version-history":[{"count":28,"href":"https:\/\/lagrue-mlc.ch\/index.php\/wp-json\/wp\/v2\/pages\/86\/revisions"}],"predecessor-version":[{"id":4184,"href":"https:\/\/lagrue-mlc.ch\/index.php\/wp-json\/wp\/v2\/pages\/86\/revisions\/4184"}],"wp:attachment":[{"href":"https:\/\/lagrue-mlc.ch\/index.php\/wp-json\/wp\/v2\/media?parent=86"}],"curies":[{"name":"wp","href":"https:\/\/api.w.org\/{rel}","templated":true}]}}

Notre Emblème

<p style="text-align: center;"><img decoding="async" loading="lazy" class="alignnone wp-image-35" src="http://lagrue-mlc.ch/wp-content/uploads/2018/11/Sceau-Rodolphe-III_Sceau-Gris1-OFFICIEL-300x300.png" alt="" width="171" height="171" srcset="https://lagrue-mlc.ch/wp-content/uploads/2018/11/Sceau-Rodolphe-III_Sceau-Gris1-OFFICIEL-300x300.png 300w, https://lagrue-mlc.ch/wp-content/uploads/2018/11/Sceau-Rodolphe-III_Sceau-Gris1-OFFICIEL-150x150.png 150w, https://lagrue-mlc.ch/wp-content/uploads/2018/11/Sceau-Rodolphe-III_Sceau-Gris1-OFFICIEL-768x771.png 768w, https://lagrue-mlc.ch/wp-content/uploads/2018/11/Sceau-Rodolphe-III_Sceau-Gris1-OFFICIEL-1021x1024.png 1021w" sizes="(max-width: 171px) 100vw, 171px" /></p>
<p style="text-align: center;">Pourquoi avoir choisit la grue pour<br />
emblème de notre association ?</p>
<p style="text-align: center;">Du moment que les régions ciblées pour la circulation<br />
de la monnaie locale étaient choisies, il devenait évident<br />
que la grue représentée depuis le Moyen-Âge sur les sceaux,<br />
puis les étendards des Comtes de Gruyère s&rsquo;impose.<br />
Mais quelle grue choisir ?</p>
<p style="text-align: center;">Le Comte Rodolphe III (1226-1270) fut le premier à choisir<br />
le célèbre échassier pour orner son sceau dès 1227.<br />
C&rsquo;est la seule grue dessinée passant de gauche à droite.</p>
<p style="text-align: center;">Cela nous a beaucoup plu et c&rsquo;est donc la grue de Rodolphe III<br />
&#8211; elle va de l&rsquo;avant ! &#8211; qui est devenue notre symbole.<br />
Par ailleurs, son graphisme épuré nous a séduit.</p>
<p style="text-align: center;">Toutes les grues des comtes suivants sont&nbsp;tournées vers la gauche.</p>
<p>Comte Pierre II (1270 &#8211; 1307) &nbsp; &nbsp; &nbsp; &nbsp; &nbsp; &nbsp; &nbsp;&nbsp;<img decoding="async" loading="lazy" class="alignnone wp-image-91" src="http://lagrue-mlc.ch/wp-content/uploads/2018/11/Grue-Pierre-II_Transparent-Blanc-II-300x298.png" alt="" width="151" height="150" srcset="https://lagrue-mlc.ch/wp-content/uploads/2018/11/Grue-Pierre-II_Transparent-Blanc-II-300x298.png 300w, https://lagrue-mlc.ch/wp-content/uploads/2018/11/Grue-Pierre-II_Transparent-Blanc-II-150x150.png 150w, https://lagrue-mlc.ch/wp-content/uploads/2018/11/Grue-Pierre-II_Transparent-Blanc-II-768x763.png 768w, https://lagrue-mlc.ch/wp-content/uploads/2018/11/Grue-Pierre-II_Transparent-Blanc-II-1024x1018.png 1024w" sizes="(max-width: 151px) 100vw, 151px" /></p>
<p>Comte Pierre III (1307 &#8211; 1324) &nbsp; &nbsp; &nbsp; &nbsp; &nbsp; &nbsp; &nbsp;&nbsp;<img decoding="async" loading="lazy" class="alignnone wp-image-92" src="http://lagrue-mlc.ch/wp-content/uploads/2018/11/Grue-Pierre-III-300x300.png" alt="" width="153" height="153" srcset="https://lagrue-mlc.ch/wp-content/uploads/2018/11/Grue-Pierre-III-300x300.png 300w, https://lagrue-mlc.ch/wp-content/uploads/2018/11/Grue-Pierre-III-150x150.png 150w, https://lagrue-mlc.ch/wp-content/uploads/2018/11/Grue-Pierre-III-768x766.png 768w, https://lagrue-mlc.ch/wp-content/uploads/2018/11/Grue-Pierre-III-1024x1021.png 1024w" sizes="(max-width: 153px) 100vw, 153px" /></p>
<p>Comte Pierre IV (1342 &#8211; 1366 &nbsp; &nbsp; &nbsp; &nbsp; &nbsp; &nbsp; &nbsp; &nbsp;)<img decoding="async" loading="lazy" class="alignnone wp-image-93" src="http://lagrue-mlc.ch/wp-content/uploads/2018/11/Grue-Pierre-IV_transparent-Blanc-300x300.png" alt="" width="150" height="150" srcset="https://lagrue-mlc.ch/wp-content/uploads/2018/11/Grue-Pierre-IV_transparent-Blanc-300x300.png 300w, https://lagrue-mlc.ch/wp-content/uploads/2018/11/Grue-Pierre-IV_transparent-Blanc-150x150.png 150w, https://lagrue-mlc.ch/wp-content/uploads/2018/11/Grue-Pierre-IV_transparent-Blanc-768x765.png 768w, https://lagrue-mlc.ch/wp-content/uploads/2018/11/Grue-Pierre-IV_transparent-Blanc-1024x1020.png 1024w" sizes="(max-width: 150px) 100vw, 150px" /></p>
<p>Etc.</p>
<p>Si vous êtes intéressé à faire davantage connaissance avec les 20 Comtes de Gruyère qui ont régné sur la région entre l&rsquo;an 900 et 1556, le dernier de la lignée étant le célèbre Comte Michel, nous vous invitons&nbsp;à consulter la page wikipedia:<br />
<a href="https://fr.wikipedia.org/wiki/Liste_des_comtes_de_Gruyère"><span style="color: #33cccc;"><span style="caret-color: #33cccc;">Liste des Comtes de Gruyères</span></span></a></p>
<p>• Si vous voulez voir les armoiries des communes &#8211; anciennes ou actuelles &#8211; sur lesquelles figure une grue, <span style="color: #33cccc;"><a style="color: #33cccc;" href="http://lagrue-mlc.ch/index.php/armoiries-communales/">cliquez ici</a></span></p>
<p>• Si vous voulez voir quelques enseignes de restaurants ou logos d&rsquo;entreprises sur lesquelles figurent une grue, cliquer bientôt &nbsp;ici.</p>

<p>Pourquoi avoir choisit la grue pour emblème de notre association ? Du moment que les régions ciblées pour la circulation de la monnaie locale étaient choisies, il devenait évident que la grue représentée depuis le Moyen-Âge sur les sceaux, puis les étendards des Comtes de Gruyère s&rsquo;impose. Mais quelle grue choisir ? Le Comte Rodolphe &hellip; <a href="https://lagrue-mlc.ch/index.php/notre-embleme/" class="more-link">Continuer la lecture de <span class="screen-reader-text">Notre Emblème</span>  <span class="meta-nav">&rarr;</span></a></p>
