{"id":140,"date":"2018-11-16T13:15:42","date_gmt":"2018-11-16T12:15:42","guid":{"rendered":"http:\/\/lagrue-mlc.ch\/?page_id=140"},"modified":"2020-11-15T22:33:23","modified_gmt":"2020-11-15T21:33:23","slug":"la-charte","status":"publish","type":"page","link":"https:\/\/lagrue-mlc.ch\/index.php\/la-charte\/","title":{"rendered":"Charte de la Grue"},"content":{"rendered":"\n<div class=\"wp-block-file\"><a href=\"http:\/\/lagrue-mlc.ch\/wp-content\/uploads\/2020\/11\/charte_miseEnPage2020.11.15.pdf\">charte_miseEnPage2020.11.15<\/a><a href=\"http:\/\/lagrue-mlc.ch\/wp-content\/uploads\/2020\/11\/charte_miseEnPage2020.11.15.pdf\" class=\"wp-block-file__button\" download>DOWNLOAD<\/a><\/div>\n\n\n\n<p class=\"has-text-color\" style=\"color:#2b81ee\">Ci-dessous en version texte:<\/p>\n\n\n\n<p>La monnaie locale compl\u00e9mentaire, par son fonctionnement au quotidien, f\u00e9d\u00e8re ses utilisateurs, prestataires et partenaires, autour d\u2019un socle de valeurs communes. Par sa circulation acc\u00e9l\u00e9r\u00e9e, car non destin\u00e9e \u00e0 l\u2019\u00e9pargne, elle participe \u00e0 la mise en place et au renforcement de liens sociaux, dont la qualit\u00e9 relationnelle d\u00e9passe naturellement l\u2019\u00e9change mercantile et d\u00e9personnalis\u00e9.<\/p>\n\n\n\n<h1 class=\"wp-block-heading\">Notre engagement&nbsp;:<\/h1>\n\n\n\n<p><strong>Renforcer<\/strong> les liens de la population de nos vall\u00e9es pour augmenter la solidarit\u00e9, l\u2019appartenance locale, cr\u00e9er une communaut\u00e9 sociale.<\/p>\n\n\n\n<p><strong>Orienter<\/strong> les consommateurs vers une transition douce, soit une r\u00e9duction des d\u00e9chets, diminuer l\u2019impact \u00e9cologique et augmenter le respect de notre nature.<\/p>\n\n\n\n<p><strong>Mettre en valeur<\/strong> les produits de saison, nos marchandises du terroir, les prestations proches, le savoir-faire de nos artisans ainsi que des projets durables et \u00e9coresponsables.<\/p>\n\n\n\n<p><strong>Soutenir<\/strong> le commerce, les services, l\u2019artisanat et l\u2019agriculture de proximit\u00e9.<\/p>\n\n\n\n<p><strong>Sensibiliser<\/strong> la population \u00e0 l\u2019importance des circuits courts, de la circulation de la monnaie, de nos responsabilit\u00e9s et de nos pouvoirs d\u2019agir ensemble.<\/p>\n\n\n\n<p>Chaque signataire de la charte s&rsquo;engage de son mieux, en son \u00e2me et conscience.<\/p>\n\n\n\n<p><em>Une monnaie, deux langues, t<\/em><em>rois r\u00e9gions&nbsp;: La Grue<\/em><\/p>\n\n\n\n<p><em>Saanenland, Pays-d&rsquo;Enhaut, Gruy\u00e8re<\/em><\/p>\n\n\n\n<p><em><a href=\"mailto:info@lagrue-mlc.ch\">info@lagrue-mlc.ch<\/a><\/em><\/p>\n\n\n\n<p><em>octobre 2017<\/em><\/p>\n\n\n\n<div class=\"wp-block-image\"><figure class=\"aligncenter is-resized\"><img decoding=\"async\" loading=\"lazy\" src=\"http:\/\/lagrue-mlc.ch\/wp-content\/uploads\/2018\/12\/171017-LaGrue-Dessin-Flyer-F-706x1024.png\" alt=\"\" class=\"wp-image-686\" width=\"353\" height=\"512\" srcset=\"https:\/\/lagrue-mlc.ch\/wp-content\/uploads\/2018\/12\/171017-LaGrue-Dessin-Flyer-F-706x1024.png 706w, https:\/\/lagrue-mlc.ch\/wp-content\/uploads\/2018\/12\/171017-LaGrue-Dessin-Flyer-F-207x300.png 207w, https:\/\/lagrue-mlc.ch\/wp-content\/uploads\/2018\/12\/171017-LaGrue-Dessin-Flyer-F-768x1113.png 768w, https:\/\/lagrue-mlc.ch\/wp-content\/uploads\/2018\/12\/171017-LaGrue-Dessin-Flyer-F.png 1690w\" sizes=\"(max-width: 353px) 100vw, 353px\" \/><\/figure><\/div>\n\n\n\n<p>Petite illustration tr\u00e8s appr\u00e9ci\u00e9e par le comit\u00e9 de La Grue pour expliquer le fonctionnement de la grue et plus g\u00e9n\u00e9ralement des MLC.<\/p>\n","protected":false},"excerpt":{"rendered":"<p>Ci-dessous en version texte: La monnaie locale compl\u00e9mentaire, par son fonctionnement au quotidien, f\u00e9d\u00e8re ses utilisateurs, prestataires et partenaires, autour d\u2019un socle de valeurs communes. Par sa circulation acc\u00e9l\u00e9r\u00e9e, car non destin\u00e9e \u00e0 l\u2019\u00e9pargne, elle participe \u00e0 la mise en place et au renforcement de liens sociaux, dont la qualit\u00e9 relationnelle d\u00e9passe naturellement l\u2019\u00e9change mercantile &hellip; <a href=\"https:\/\/lagrue-mlc.ch\/index.php\/la-charte\/\" class=\"more-link\">Continuer la lecture de <span class=\"screen-reader-text\">Charte de la Grue<\/span>  <span class=\"meta-nav\">&rarr;<\/span><\/a><\/p>\n","protected":false},"author":1,"featured_media":0,"parent":0,"menu_order":0,"comment_status":"closed","ping_status":"closed","template":"","meta":{"_mi_skip_tracking":false,"_exactmetrics_sitenote_active":false,"_exactmetrics_sitenote_note":"","_exactmetrics_sitenote_category":0,"ngg_post_thumbnail":0},"_links":{"self":[{"href":"https:\/\/lagrue-mlc.ch\/index.php\/wp-json\/wp\/v2\/pages\/140"}],"collection":[{"href":"https:\/\/lagrue-mlc.ch\/index.php\/wp-json\/wp\/v2\/pages"}],"about":[{"href":"https:\/\/lagrue-mlc.ch\/index.php\/wp-json\/wp\/v2\/types\/page"}],"author":[{"embeddable":true,"href":"https:\/\/lagrue-mlc.ch\/index.php\/wp-json\/wp\/v2\/users\/1"}],"replies":[{"embeddable":true,"href":"https:\/\/lagrue-mlc.ch\/index.php\/wp-json\/wp\/v2\/comments?post=140"}],"version-history":[{"count":24,"href":"https:\/\/lagrue-mlc.ch\/index.php\/wp-json\/wp\/v2\/pages\/140\/revisions"}],"predecessor-version":[{"id":5132,"href":"https:\/\/lagrue-mlc.ch\/index.php\/wp-json\/wp\/v2\/pages\/140\/revisions\/5132"}],"wp:attachment":[{"href":"https:\/\/lagrue-mlc.ch\/index.php\/wp-json\/wp\/v2\/media?parent=140"}],"curies":[{"name":"wp","href":"https:\/\/api.w.org\/{rel}","templated":true}]}}

<div class="wp-block-file"><a href="http://lagrue-mlc.ch/wp-content/uploads/2020/11/charte_miseEnPage2020.11.15.pdf">charte_miseEnPage2020.11.15</a><a href="http://lagrue-mlc.ch/wp-content/uploads/2020/11/charte_miseEnPage2020.11.15.pdf" class="wp-block-file__button" download>DOWNLOAD</a></div>



<p class="has-text-color" style="color:#2b81ee">Ci-dessous en version texte:</p>



<p>La monnaie locale complémentaire, par son fonctionnement au quotidien, fédère ses utilisateurs, prestataires et partenaires, autour d’un socle de valeurs communes. Par sa circulation accélérée, car non destinée à l’épargne, elle participe à la mise en place et au renforcement de liens sociaux, dont la qualité relationnelle dépasse naturellement l’échange mercantile et dépersonnalisé.</p>



<h1 class="wp-block-heading">Notre engagement&nbsp;:</h1>



<p><strong>Renforcer</strong> les liens de la population de nos vallées pour augmenter la solidarité, l’appartenance locale, créer une communauté sociale.</p>



<p><strong>Orienter</strong> les consommateurs vers une transition douce, soit une réduction des déchets, diminuer l’impact écologique et augmenter le respect de notre nature.</p>



<p><strong>Mettre en valeur</strong> les produits de saison, nos marchandises du terroir, les prestations proches, le savoir-faire de nos artisans ainsi que des projets durables et écoresponsables.</p>



<p><strong>Soutenir</strong> le commerce, les services, l’artisanat et l’agriculture de proximité.</p>



<p><strong>Sensibiliser</strong> la population à l’importance des circuits courts, de la circulation de la monnaie, de nos responsabilités et de nos pouvoirs d’agir ensemble.</p>



<p>Chaque signataire de la charte s&rsquo;engage de son mieux, en son âme et conscience.</p>



<p><em>Une monnaie, deux langues, t</em><em>rois régions&nbsp;: La Grue</em></p>



<p><em>Saanenland, Pays-d&rsquo;Enhaut, Gruyère</em></p>



<p><em><a href="mailto:info@lagrue-mlc.ch">info@lagrue-mlc.ch</a></em></p>



<p><em>octobre 2017</em></p>



<div class="wp-block-image"><figure class="aligncenter is-resized"><img decoding="async" loading="lazy" src="http://lagrue-mlc.ch/wp-content/uploads/2018/12/171017-LaGrue-Dessin-Flyer-F-706x1024.png" alt="" class="wp-image-686" width="353" height="512" srcset="https://lagrue-mlc.ch/wp-content/uploads/2018/12/171017-LaGrue-Dessin-Flyer-F-706x1024.png 706w, https://lagrue-mlc.ch/wp-content/uploads/2018/12/171017-LaGrue-Dessin-Flyer-F-207x300.png 207w, https://lagrue-mlc.ch/wp-content/uploads/2018/12/171017-LaGrue-Dessin-Flyer-F-768x1113.png 768w, https://lagrue-mlc.ch/wp-content/uploads/2018/12/171017-LaGrue-Dessin-Flyer-F.png 1690w" sizes="(max-width: 353px) 100vw, 353px" /></figure></div>



<p>Petite illustration très appréciée par le comité de La Grue pour expliquer le fonctionnement de la grue et plus généralement des MLC.</p>

<p>Ci-dessous en version texte: La monnaie locale complémentaire, par son fonctionnement au quotidien, fédère ses utilisateurs, prestataires et partenaires, autour d’un socle de valeurs communes. Par sa circulation accélérée, car non destinée à l’épargne, elle participe à la mise en place et au renforcement de liens sociaux, dont la qualité relationnelle dépasse naturellement l’échange mercantile &hellip; <a href="https://lagrue-mlc.ch/index.php/la-charte/" class="more-link">Continuer la lecture de <span class="screen-reader-text">Charte de la Grue</span>  <span class="meta-nav">&rarr;</span></a></p>
